. Let j(y) = -31*y - 1 + 0 - 1 + q*y. List the prime factors of j(-2).
2, 3, 5
Suppose k = f + 68, 5*f + 380 = -8*k + 3*k. Let l = f + 89. List the prime factors of l.
17
Suppose -4*j - 5 = -3*n, -3*j + 0 - 3 = -2*n. Let z be ((-156)/8)/(1/(-4) + 0). Suppose -z = n*u - 5*u. What are the prime factors of u?
3, 13
Suppose -15*d + 16*d - 24 = 0. Suppose 9 + 27 = 6*v. Suppose -4*c - d = -v*c. List the prime factors of c.
2, 3
Suppose -9*q = -4747 + 769. List the prime factors of q.
2, 13, 17
Let g(z) = -46*z**3 + z + 20. List the prime factors of g(-4).
2, 5, 37
Suppose -55*r + 13312 = 9*r. List the prime factors of r.
2, 13
Let w(t) = 6*t**2 + 4*t - 13. What are the prime factors of w(-12)?
11, 73
Let w = -4 - -10. Suppose w*a - 594 = 120. What are the prime factors of a?
7, 17
Suppose 5*i = -9*s + 6*s + 5796, 0 = -4*s + 5*i + 7693. List the prime factors of s.
41, 47
Let y(l) = 288*l + 24. What are the prime factors of y(3)?
2, 3, 37
Suppose 0 = -5*y - 5*r + 20, -3*y + r + 12 = -2*r. List the prime factors of 364/y*(-24)/(-28).
2, 3, 13
Let q(r) = 6*r**2 - 2*r + 3. Let o be q(4). Suppose 0 = -j - 4*f + 28, j + o = 5*j - 5*f. Let m = j + -6. What are the prime factors of m?
2, 3
Let t(k) = 57*k + 235. What are the prime factors of t(10)?
5, 7, 23
Let k be ((-16)/(-12) + -3)*-3. Let o(x) = -x**3 - 2*x**2 - x - 2. Let p be o(-2). Suppose k*d - d - 116 = p. What are the prime factors of d?
29
Suppose -190 = -5*s - 4*x + 1915, 25 = 5*x. List the prime factors of s.
3, 139
Let v be (3/(-2))/((-3)/(-28)). Suppose k = -3*k + 188. Let o = v + k. What are the prime factors of o?
3, 11
Let l(u) = -u**3 - 5*u**2 + 5*u - 9. Let m = -8 - -1. What are the prime factors of l(m)?
2, 3
Let n(o) = o**3 + 10*o**2 - 11*o + 4. Let r be n(-11). Suppose r - 2 = l. Suppose 52 = l*j + 6. What are the prime factors of j?
23
Let z = -415 + 653. What are the prime factors of z?
2, 7, 17
Let m(f) = f + 10. Let x be m(0). Let p be 40/6*24/x. Suppose -n - p = -2*n. What are the prime factors of n?
2
Suppose 2*f = v + 56, v = 3*v. Suppose j = -j + f. List the prime factors of j.
2, 7
Let n(u) be the first derivative of 2*u**3/3 + u**2 + 20*u - 15. List the prime factors of n(-8).
2, 3, 11
Let c be 36*(6 + -2 - 5). Let u = 87 + c. List the prime factors of u.
3, 17
Let v(x) = x**2 + 6*x. Suppose -3*q - 29 = 4*l, -2*q + 29 = -3*l + 3*q. Let n be v(l). Suppose 5*t - 3*t - n = 0. What are the prime factors of t?
2
Suppose 2*o - 3*o = 0. Suppose -x - w - 12 = 0, 0 = 4*x - 2*w - o*w + 72. What are the prime factors of (27/4)/((-3)/x)?
2, 3
Let t = -21 - -19. What are the prime factors of (24/9)/(t/(-18))?
2, 3
Let k(x) = 19*x**3 - 2*x**2 + x. Let s(h) be the first derivative of -h**2 - 9*h - 3. Let a be s(-5). What are the prime factors of k(a)?
2, 3
Let p = 49 + -47. Suppose -p*s + 15 = s, 2*s - 65 = -5*g. What are the prime factors of g?
11
Let l = -144 + 487. List the prime factors of l.
7
Let q = -14269 - -20479. What are the prime factors of q?
2, 3, 5, 23
Let v = -70 + 69. List the prime factors of ((-525)/20)/(v/4).
3, 5, 7
Let c(h) = -2 + 6*h - 6 - h**3 + 1 + 9*h**2. Let n = 170 + -161. What are the prime factors of c(n)?
47
Suppose 3*j = -4*w + 7 - 3, 0 = -5*w - 5*j. Let a(z) = z**3 - 5*z**2 + 4*z + 5. Let q be a(w). Let g(i) = i**2 - i - 3. List the prime factors of g(q).
17
What are the prime factors of ((-8)/(-20))/((-10)/(-2100))?
2, 3, 7
Suppose 2*g - 1960 = -p + 616, 3*p + 5162 = 4*g. List the prime factors of g.
1289
Let j(k) = k**3 + 3*k**2 - 2*k - 3. Let l be j(-2). Let x = 452 + -204. Suppose l*p - x = p. What are the prime factors of p?
2, 31
Let t = -2142 + 3645. List the prime factors of t.
3, 167
Suppose 0 = -5*i - 3*l - 2*l + 5, 0 = 4*i - 5*l - 49. Let x be (88/33)/(4/i). What are the prime factors of 4 + (3 - 12/x)?
2
Let r(h) = 2*h**3 - 7*h**2 + 2*h + 11. Suppose -12*u + 68 = -4. List the prime factors of r(u).
7, 29
Let u = -10 - -21. Suppose -u*a + 410 = -6*a. What are the prime factors of a?
2, 41
Let f = -1288 + 2534. List the prime factors of f.
2, 7, 89
Let c be ((-135)/6)/(-5)*20. Let k be (-1 - -1) + 2 - -1. Suppose -6*u + k*u = -c. List the prime factors of u.
2, 3, 5
What are the prime factors of 2/(-10) + 12/180*24213?
2, 3, 269
What are the prime factors of (7 - 2)/(((-12)/27)/(-4))?
3, 5
Suppose -3*k + 4 - 7 = 0. What are the prime factors of k/((3/(-330))/(12/10))?
2, 3, 11
Suppose 0 = 2*c - 6*c + 5*b - 3, -c + 5*b - 12 = 0. Suppose v - c = 0, 3*d - v + 138 = -2*d. Let w = d - -47. List the prime factors of w.
2, 5
Let f(o) = -19*o - 1. Suppose -3*b + 12 = -9. Suppose 8 = -g + b. What are the prime factors of f(g)?
2, 3
List the prime factors of (32/(-24))/((-2)/4872).
2, 7, 29
Suppose 2*m + 107 - 329 = 0. Let n = m - 29. List the prime factors of n.
2, 41
Let u = 1 - -4. Suppose 3*j - u*m = 37, 1 = j - 4*m - 2. Suppose -2*v = -3*g + 4*g - j, 3*g - 49 = 2*v. What are the prime factors of g?
17
Let p(y) = 2*y**2 - 8*y - 3. Let o(n) = -n**2 + 7*n + 3. Let k(l) = 4*o(l) + 3*p(l). What are the prime factors of k(5)?
73
Suppose -2*g + 2325 = -3*z, 2*g = -3*g - 2*z + 5822. What are the prime factors of g?
2, 3, 97
Let q(l) = 129*l**2 + 15*l - 67. List the prime factors of q(5).
53, 61
Suppose 6455 = 14*a - 1805. List the prime factors of a.
2, 5, 59
Let m(r) = 15*r**2 - r. Let l(i) be the first derivative of 16*i**3/3 - i**2/2 - 3. Let f(x) = -4*l(x) + 5*m(x). List the prime factors of f(-1).
2, 3
Let l = -78 + 80. Suppose 0*o - 5*o = f - 24, 23 = 5*o + 2*f. Suppose -4*j = -o*j + 5*q + 36, -l*q - 2 = 0. List the prime factors of j.
31
Suppose 5*z + 8 = 7*z. Suppose 0 = 5*k + 3*a - 160, -5*k - z*a + 7*a = -190. List the prime factors of k.
5, 7
Suppose -s - 7 = b, -5*b = -3*b + 4*s + 10. Let x(p) = -8*p + 6. Let o be x(3). Let y = b - o. What are the prime factors of y?
3
Suppose -9*i + 2706 = -3*i. What are the prime factors of i?
11, 41
Let b be (-1 - 12/(-4)) + 0. Suppose -b*y + 36 = -4*y. What are the prime factors of (-2)/3*y/1?
2, 3
Suppose i = m - 2*m + 885, 3*m - 2683 = 4*i. What are the prime factors of m?
7, 127
Suppose 0 = 12*y - 699 - 153. Let n(x) = -x**2 + 6*x + 7. Let c be n(7). Suppose c = 2*q - j - 75, q + 3*j - y = -q. What are the prime factors of q?
37
Let t be 8/12 - (-16)/3. Let g(i) = -4*i - 23. Let j(b) = -2*b - 16. Let r(w) = -5*g(w) + 7*j(w). List the prime factors of r(t).
3, 13
Suppose 11*c - 2487 = 8*c + 5*s, -4*s + 2487 = 3*c. What are the prime factors of c?
829
Suppose 6*w - 3*w + 15 = 0. What are the prime factors of ((-580)/(-25))/((-2)/w)?
2, 29
Let x = -1539 - -2209. What are the prime factors of x?
2, 5, 67
Let r = -661 - -3054. What are the prime factors of r?
2393
Let o(c) = -893*c + 63. List the prime factors of o(-3).
2, 3, 457
List the prime factors of (9 + -16 - -10) + (-1 - -277).
3, 31
What are the prime factors of 325/(-130) + (-1)/(4/(-3358))?
3, 31
Let k(m) = m**3 + m**2 - 2*m - 2. Let u be k(0). Let f = u - -6. What are the prime factors of (2 - 5) + f - -76?
7, 11
Let i(l) be the third derivative of l**6/240 - l**5/24 + l**4/12 - 5*l**2. Let h(c) be the second derivative of i(c). What are the prime factors of h(6)?
13
Suppose 10*x - 6211 = 13469. List the prime factors of x.
2, 3, 41
Let o = -2188 - -3107. What are the prime factors of o?
919
Suppose -2*a - 17 = -1. List the prime factors of (236/a)/((-1)/2).
59
Suppose 3*a = x - 76, -3*x + 5*a + 244 = -0*a. Let l = x + -63. Suppose 4*r - 15 = l. What are the prime factors of r?
2, 5
Suppose 12*a - 16*a = -3*n - 8366, -4*a = n - 8358. What are the prime factors of a?
2, 5, 11, 19
Let c = -24 - -34. What are the prime factors of (-1 + c/4)/((-36)/(-4656))?
2, 97
Let s = -13 - -17. Let q be 4/s + (-1 - 0). List the prime factors of (-8)/(-16)*(148 + q).
2, 37
Let c be (-3 - (-21)/6)*2/1. List the prime factors of (c/4)/(2/4)*54.
3
Let n(u) = -u**2 + 72*u + 115. List the prime factors of n(42).
5, 11
Suppose 2*i = -10*i - 300. Let f = i - -312. What are the prime factors of f?
7, 41
Let x = -17 + 25. Let t be (30/(-4))/(x/16). What are the prime factors of (-3)/(27/t)*18?
2, 3, 5
Suppose -26*t = 7433 - 31249. List the prime factors of t.
2, 229
Let o(a) = -23*a**3 - 4*a**2 - 6*a + 4. List the prime factors of o(-3).
607
Let s be 158/(2/1) - 2. Suppos